{"id":33,"date":"2025-07-24T22:37:30","date_gmt":"2025-07-24T22:37:30","guid":{"rendered":"https:\/\/detuvidamx.org\/?page_id=33"},"modified":"2025-07-24T22:37:30","modified_gmt":"2025-07-24T22:37:30","slug":"territorio-y-alimentacion","status":"publish","type":"page","link":"https:\/\/detuvidamx.org\/?page_id=33","title":{"rendered":"TERRITORIO Y ALIMENTACI\u00d3N"},"content":{"rendered":"\n<div class=\"wp-block-columns is-layout-flex wp-container-core-columns-is-layout-28f84493 wp-block-columns-is-layout-flex\">\n<div class=\"wp-block-column is-layout-flow wp-block-column-is-layout-flow\">\n<figure class=\"wp-block-image size-full\"><img loading=\"lazy\" decoding=\"async\" width=\"565\" height=\"730\" src=\"https:\/\/detuvidamx.org\/wp-content\/uploads\/2025\/07\/territorio.png\" alt=\"\" class=\"wp-image-85\" srcset=\"https:\/\/detuvidamx.org\/wp-content\/uploads\/2025\/07\/territorio.png 565w, https:\/\/detuvidamx.org\/wp-content\/uploads\/2025\/07\/territorio-232x300.png 232w\" sizes=\"auto, (max-width: 565px) 100vw, 565px\" \/><\/figure>\n<\/div>\n\n\n\n<div class=\"wp-block-column is-layout-flow wp-block-column-is-layout-flow\">\n<p>En esta comisi\u00f3n trabajamos el cuidado y la defensa de nuestros territorios y de nuestras formas para producir nuestros alimentos de manera sana y aut\u00f3noma. Sin embargo, es un reto ya que muchos compa\u00f1eros debemos aprender ahora a dejar de usar los agroqu\u00edmicos. <\/p>\n<\/div>\n<\/div>\n\n\n\n<p>Ya estamos viendo el da\u00f1o que genera en la salud y en la tierra el uso de los agroqu\u00edmicos, que son muy enga\u00f1osos porque trabajas m\u00e1s r\u00e1pido pero despu\u00e9s de un tiempo se contamina la tierra y nuestros cuerpos. De hecho, hoy los cultivos ya no crecen tan bien como antes debido al uso actual de agroqu\u00edmicos. Si seguimos as\u00ed, \u00bfqu\u00e9 le vamos a dejar a nuestros hijos? Por eso estamos sintiendo m\u00e1s y m\u00e1s que es importante volver a la agricultura natural como lo hac\u00edan nuestros ancestros, ellos ten\u00edan mucha fuerza, no se enfermaban tanto como ahora le sucede a los \u201ckaxlanes\u201d en las ciudades, \u00a1porque nuestros antepasados com\u00edan todo natural!<\/p>\n\n\n\n<p><strong><em>\u201cAlgunos recordamos c\u00f3mo nuestros antepasados juntaban en un solo lugar todos los residuos del ma\u00edz cuando terminaba la cosecha, y eso despu\u00e9s se hac\u00eda en pedacitos y serv\u00eda como abono natural para la siembra.\u201d<\/em><\/strong><strong><\/strong><\/p>\n\n\n\n<p>Entre las labores que nos hemos planteado dentro de esta comisi\u00f3n est\u00e1:<\/p>\n\n\n\n<ul class=\"wp-block-list\">\n<li>Detener la creciente tala de \u00e1rboles, que es un gran problema. Estamos preocupados de no perder nuestros \u00e1rboles m\u00e1s viejos, y tambi\u00e9n ha faltado mucha lluvia. Estamos teniendo un fuerte reto por los cambios del clima, en 2024 las lluvias tardaron un mes y medio en llegar, y perdimos muchas cosechas, que es de lo que dependemos para vivir. Ya nos hemos estado preguntando, si perdemos las cosechas \u00bfc\u00f3mo vamos a comer?<\/li>\n\n\n\n<li>Cuidando la tala de \u00e1rboles nos gustar\u00eda contar con m\u00e1s \u201chornos ahorradores de le\u00f1a\u201d, porque el humo de las cocinas ya ha afectado mucho los ojos de las mujeres y necesitamos tener alternativas.<\/li>\n\n\n\n<li>Fortalecernos en pr\u00e1cticas agro-ecol\u00f3gicas, recordar c\u00f3mo lo hac\u00edan nuestros abuelos y abuelas, para cuidar nuestras semillas nativas y la fertilidad natural del suelo. Nos estamos cuestionando m\u00e1s el uso de agroqu\u00edmicos, porque tenemos que recordar que el ma\u00edz es sagrado y est\u00e1 vivo, tambi\u00e9n su hermano menor el frijol. Nuestros abuelos nos ense\u00f1aron c\u00f3mo cuidarlo para que no se enoje y no se vaya, que se quede en las casas para darnos alimento.<\/li>\n\n\n\n<li>Recordar e investigar c\u00f3mo viv\u00edan nuestros antepasados, c\u00f3mo hac\u00edan sus platos y vasos de barro. O que cuando iban a cazar animales para comer carne, primero deb\u00edan orar y pedir permiso a la Madre Tierra. Si quer\u00edan comer venado, por ejemplo, se ten\u00eda que pedir permiso.<\/li>\n\n\n\n<li>Nos preguntamos c\u00f3mo fortalecer nuestra econom\u00eda de la agricultura de caf\u00e9, creando una cooperativa o ali\u00e1ndonos con alguna existente. El caf\u00e9 es el cultivo principal de la regi\u00f3n para la venta, pero no es suficiente para tener a nuestras familias en verdadero bienestar. Las producciones han bajado mucho por el aumento de plagas en la \u00faltima d\u00e9cada, mientras los intermediarios (\u201ccoyotes\u201d) que vienen a recolectar la producci\u00f3n nos lo est\u00e1n pagando muy bajo, abusando terriblemente de nuestro esfuerzo campesino. Sentimos claramente que es mucho m\u00e1s lo que trabajamos que el dinero que recibimos. El gobierno llega a dar apoyos, pero no son suficientes, y es seg\u00fan sus conveniencias.<\/li>\n\n\n\n<li>Fortalecer nuestra econom\u00eda comunitaria con alg\u00fan proyecto productivo nuevo, para no tener dificultades en la compra de cosas b\u00e1sicas como las herramientas para nuestro trabajo agr\u00edcola (machete, azad\u00f3n, limas de afilar, rastrillos, botas).<\/li>\n<\/ul>\n\n\n\n<p><strong><em>\u201cAntes se oraba en las milpas, ahora ya solo se hace en los arroyos de agua. Para nosotros, nuestras abuelas y abuelos no pasaban hambre como ahora, y era porque ellos hac\u00edan rezos en las milpas, pon\u00edan una cruz y realizaban ayunos para ofrecer un tipo de sacrificio. El ma\u00edz ahora ya no da como antes, y es porque ya no pedimos a la Madre Tierra. Nosotros ahora tenemos que usar agroqu\u00edmicos para que se d\u00e9 la cosecha de ma\u00edz y frijol.\u201d<\/em><\/strong><strong><em><\/em><\/strong><\/p>\n\n\n\n<p>* Para esta comisi\u00f3n elegimos el s\u00edmbolo antiguo de nuestra escritura maya para decir \u201clugar\u201d, que hoy en nuestra lengua Tseltal de Chil\u00f3n decimos LUMAL. Porque este s\u00edmbolo muestra una mazorca de ma\u00edz, que es lo que sembramos dentro de nuestras comunidades para contar con buen alimento y tener fuerza durante el d\u00eda. \u00a1El ma\u00edz es una planta muy sagrada que sostiene a nuestras comunidades desde hace mucho tiempo!<\/p>\n\n\n\n<figure class=\"wp-block-image size-large\"><img loading=\"lazy\" decoding=\"async\" width=\"1024\" height=\"450\" src=\"https:\/\/detuvidamx.org\/wp-content\/uploads\/2025\/07\/footer1-1024x450.png\" alt=\"\" class=\"wp-image-59\" srcset=\"https:\/\/detuvidamx.org\/wp-content\/uploads\/2025\/07\/footer1-1024x450.png 1024w, https:\/\/detuvidamx.org\/wp-content\/uploads\/2025\/07\/footer1-300x132.png 300w, https:\/\/detuvidamx.org\/wp-content\/uploads\/2025\/07\/footer1-768x337.png 768w, https:\/\/detuvidamx.org\/wp-content\/uploads\/2025\/07\/footer1.png 1139w\" sizes=\"auto, (max-width: 1024px) 100vw, 1024px\" \/><\/figure>\n","protected":false},"excerpt":{"rendered":"<p>En esta comisi\u00f3n trabajamos el cuidado y la defensa de nuestros territorios y de nuestras formas para producir nuestros alimentos de manera sana y aut\u00f3noma. Sin embargo, es un reto ya que muchos compa\u00f1eros debemos aprender ahora a dejar de usar los agroqu\u00edmicos. Ya estamos viendo el da\u00f1o que genera en la salud y en [&hellip;]<\/p>\n","protected":false},"author":2,"featured_media":0,"parent":0,"menu_order":0,"comment_status":"closed","ping_status":"closed","template":"","meta":{"footnotes":""},"class_list":["post-33","page","type-page","status-publish","hentry"],"_links":{"self":[{"href":"https:\/\/detuvidamx.org\/index.php?rest_route=\/wp\/v2\/pages\/33","targetHints":{"allow":["GET"]}}],"collection":[{"href":"https:\/\/detuvidamx.org\/index.php?rest_route=\/wp\/v2\/pages"}],"about":[{"href":"https:\/\/detuvidamx.org\/index.php?rest_route=\/wp\/v2\/types\/page"}],"author":[{"embeddable":true,"href":"https:\/\/detuvidamx.org\/index.php?rest_route=\/wp\/v2\/users\/2"}],"replies":[{"embeddable":true,"href":"https:\/\/detuvidamx.org\/index.php?rest_route=%2Fwp%2Fv2%2Fcomments&post=33"}],"version-history":[{"count":1,"href":"https:\/\/detuvidamx.org\/index.php?rest_route=\/wp\/v2\/pages\/33\/revisions"}],"predecessor-version":[{"id":86,"href":"https:\/\/detuvidamx.org\/index.php?rest_route=\/wp\/v2\/pages\/33\/revisions\/86"}],"wp:attachment":[{"href":"https:\/\/detuvidamx.org\/index.php?rest_route=%2Fwp%2Fv2%2Fmedia&parent=33"}],"curies":[{"name":"wp","href":"https:\/\/api.w.org\/{rel}","templated":true}]}}

TERRITORIO Y ALIMENTACIÓN

<div class="wp-block-columns is-layout-flex wp-container-core-columns-is-layout-28f84493 wp-block-columns-is-layout-flex">
<div class="wp-block-column is-layout-flow wp-block-column-is-layout-flow">
<figure class="wp-block-image size-full"><img loading="lazy" decoding="async" width="565" height="730" src="https://detuvidamx.org/wp-content/uploads/2025/07/territorio.png" alt="" class="wp-image-85" srcset="https://detuvidamx.org/wp-content/uploads/2025/07/territorio.png 565w, https://detuvidamx.org/wp-content/uploads/2025/07/territorio-232x300.png 232w" sizes="auto, (max-width: 565px) 100vw, 565px" /></figure>
</div>



<div class="wp-block-column is-layout-flow wp-block-column-is-layout-flow">
<p>En esta comisión trabajamos el cuidado y la defensa de nuestros territorios y de nuestras formas para producir nuestros alimentos de manera sana y autónoma. Sin embargo, es un reto ya que muchos compañeros debemos aprender ahora a dejar de usar los agroquímicos. </p>
</div>
</div>



<p>Ya estamos viendo el daño que genera en la salud y en la tierra el uso de los agroquímicos, que son muy engañosos porque trabajas más rápido pero después de un tiempo se contamina la tierra y nuestros cuerpos. De hecho, hoy los cultivos ya no crecen tan bien como antes debido al uso actual de agroquímicos. Si seguimos así, ¿qué le vamos a dejar a nuestros hijos? Por eso estamos sintiendo más y más que es importante volver a la agricultura natural como lo hacían nuestros ancestros, ellos tenían mucha fuerza, no se enfermaban tanto como ahora le sucede a los “kaxlanes” en las ciudades, ¡porque nuestros antepasados comían todo natural!</p>



<p><strong><em>“Algunos recordamos cómo nuestros antepasados juntaban en un solo lugar todos los residuos del maíz cuando terminaba la cosecha, y eso después se hacía en pedacitos y servía como abono natural para la siembra.”</em></strong><strong></strong></p>



<p>Entre las labores que nos hemos planteado dentro de esta comisión está:</p>



<ul class="wp-block-list">
<li>Detener la creciente tala de árboles, que es un gran problema. Estamos preocupados de no perder nuestros árboles más viejos, y también ha faltado mucha lluvia. Estamos teniendo un fuerte reto por los cambios del clima, en 2024 las lluvias tardaron un mes y medio en llegar, y perdimos muchas cosechas, que es de lo que dependemos para vivir. Ya nos hemos estado preguntando, si perdemos las cosechas ¿cómo vamos a comer?</li>



<li>Cuidando la tala de árboles nos gustaría contar con más “hornos ahorradores de leña”, porque el humo de las cocinas ya ha afectado mucho los ojos de las mujeres y necesitamos tener alternativas.</li>



<li>Fortalecernos en prácticas agro-ecológicas, recordar cómo lo hacían nuestros abuelos y abuelas, para cuidar nuestras semillas nativas y la fertilidad natural del suelo. Nos estamos cuestionando más el uso de agroquímicos, porque tenemos que recordar que el maíz es sagrado y está vivo, también su hermano menor el frijol. Nuestros abuelos nos enseñaron cómo cuidarlo para que no se enoje y no se vaya, que se quede en las casas para darnos alimento.</li>



<li>Recordar e investigar cómo vivían nuestros antepasados, cómo hacían sus platos y vasos de barro. O que cuando iban a cazar animales para comer carne, primero debían orar y pedir permiso a la Madre Tierra. Si querían comer venado, por ejemplo, se tenía que pedir permiso.</li>



<li>Nos preguntamos cómo fortalecer nuestra economía de la agricultura de café, creando una cooperativa o aliándonos con alguna existente. El café es el cultivo principal de la región para la venta, pero no es suficiente para tener a nuestras familias en verdadero bienestar. Las producciones han bajado mucho por el aumento de plagas en la última década, mientras los intermediarios (“coyotes”) que vienen a recolectar la producción nos lo están pagando muy bajo, abusando terriblemente de nuestro esfuerzo campesino. Sentimos claramente que es mucho más lo que trabajamos que el dinero que recibimos. El gobierno llega a dar apoyos, pero no son suficientes, y es según sus conveniencias.</li>



<li>Fortalecer nuestra economía comunitaria con algún proyecto productivo nuevo, para no tener dificultades en la compra de cosas básicas como las herramientas para nuestro trabajo agrícola (machete, azadón, limas de afilar, rastrillos, botas).</li>
</ul>



<p><strong><em>“Antes se oraba en las milpas, ahora ya solo se hace en los arroyos de agua. Para nosotros, nuestras abuelas y abuelos no pasaban hambre como ahora, y era porque ellos hacían rezos en las milpas, ponían una cruz y realizaban ayunos para ofrecer un tipo de sacrificio. El maíz ahora ya no da como antes, y es porque ya no pedimos a la Madre Tierra. Nosotros ahora tenemos que usar agroquímicos para que se dé la cosecha de maíz y frijol.”</em></strong><strong><em></em></strong></p>



<p>* Para esta comisión elegimos el símbolo antiguo de nuestra escritura maya para decir “lugar”, que hoy en nuestra lengua Tseltal de Chilón decimos LUMAL. Porque este símbolo muestra una mazorca de maíz, que es lo que sembramos dentro de nuestras comunidades para contar con buen alimento y tener fuerza durante el día. ¡El maíz es una planta muy sagrada que sostiene a nuestras comunidades desde hace mucho tiempo!</p>



<figure class="wp-block-image size-large"><img loading="lazy" decoding="async" width="1024" height="450" src="https://detuvidamx.org/wp-content/uploads/2025/07/footer1-1024x450.png" alt="" class="wp-image-59" srcset="https://detuvidamx.org/wp-content/uploads/2025/07/footer1-1024x450.png 1024w, https://detuvidamx.org/wp-content/uploads/2025/07/footer1-300x132.png 300w, https://detuvidamx.org/wp-content/uploads/2025/07/footer1-768x337.png 768w, https://detuvidamx.org/wp-content/uploads/2025/07/footer1.png 1139w" sizes="auto, (max-width: 1024px) 100vw, 1024px" /></figure>

<p>En esta comisión trabajamos el cuidado y la defensa de nuestros territorios y de nuestras formas para producir nuestros alimentos de manera sana y autónoma. Sin embargo, es un reto ya que muchos compañeros debemos aprender ahora a dejar de usar los agroquímicos. Ya estamos viendo el daño que genera en la salud y en [&hellip;]</p>
